 the remainder when 800113 is divided by 1074?
1057
Calculate the remainder when 87949 is divided by 3048.
2605
What is the remainder when 150200404 is divided by 54?
52
What is the remainder when 888776 is divided by 1562?
1560
What is the remainder when 152339 is divided by 1436?
123
What is the remainder when 5292589 is divided by 649?
643
What is the remainder when 32057535 is divided by 10685842?
9
What is the remainder when 11635936 is divided by 4141?
3867
What is the remainder when 3862888 is divided by 855?
853
Calculate the remainder when 27725434 is divided by 6.
4
What is the remainder when 211120359 is divided by 3640006?
11
Calculate the remainder when 993402 is divided by 178.
162
What is the remainder when 109224 is divided by 1985?
49
Calculate the remainder when 19118329 is divided by 70.
69
Calculate the remainder when 2444289 is divided by 775.
714
Calculate the remainder when 8787466 is divided by 109.
104
Calculate the remainder when 60254549 is divided by 270.
269
What is the remainder when 29530536 is divided by 71?
3
Calculate the remainder when 758424 is divided by 1229.
131
What is the remainder when 167424553 is divided by 1433?
1431
Calculate the remainder when 155283 is divided by 3527.
95
Calculate the remainder when 27753029 is divided by 379.
375
What is the remainder when 3048 is divided by 187?
56
Calculate the remainder when 1483594 is divided by 7692.
6730
Calculate the remainder when 5270918 is divided by 195219.
5
Calculate the remainder when 35462641 is divided by 35462589.
52
What is the remainder when 42224088 is divided by 5?
3
Calculate the remainder when 2462423 is divided by 2462358.
65
Calculate the remainder when 20887150 is divided by 264.
262
What is the remainder when 3351532 is divided by 2313?
2308
What is the remainder when 1172073 is divided by 234393?
108
What is the remainder when 21231853 is divided by 72?
61
What is the remainder when 19339 is divided by 5886?
1681
What is the remainder when 16158643 is divided by 80793?
43
What is the remainder when 9931499 is divided by 18?
17
What is the remainder when 317223 is divided by 6483?
6039
What is the remainder when 5331703 is divided by 107?
0
What is the remainder when 7419685 is divided by 285?
280
Calculate the remainder when 725726 is divided by 725688.
38
Calculate the remainder when 9318204 is divided by 93.
69
Calculate the remainder when 1412311 is divided by 1040.
1031
Calculate the remainder when 5473533 is divided by 140347.
0
Calculate the remainder when 2057519 is divided by 685818.
65
What is the remainder when 28225 is divided by 4118?
3517
What is the remainder when 795447 is divided by 28?
23
Calculate the remainder when 3437216 is divided by 41917.
22
Calculate the remainder when 19099797 is divided by 162.
159
What is the remainder when 201585 is divided by 11812?
781
What is the remainder when 457081 is divided by 371?
9
Calculate the remainder when 78516501 is divided by 24.
21
What is the remainder when 591929 is divided by 29587?
189
Calculate the remainder when 1845694 is divided by 5350.
5294
What is the remainder when 94281 is divided by 23471?
397
What is the remainder when 125508 is divided by 1064?
1020
What is the remainder when 948060 is divided by 296?
268
What is the remainder when 128814 is divided by 1150?
14
Calculate the remainder when 2935048 is divided by 419278.
102
Calculate the remainder when 3932303 is divided by 1310699.
206
Calculate the remainder when 33144 is divided by 32841.
303
Calculate the remainder when 658935 is divided by 49.
32
Calculate the remainder when 179382 is divided by 416.
86
What is the remainder when 1874639 is divided by 584?
583
Calculate the remainder when 32298258 is divided by 3561.
3549
Calculate the remainder when 141782246 is divided by 399.
389
Calculate the remainder when 450969 is divided by 61.
57
Calculate the remainder when 50756460 is divided by 132.
84
Calculate the remainder when 15497423 is divided by 1128.
959
What is the remainder when 133655 is divided by 16690?
135
Calculate the remainder when 24180 is divided by 1098.
24
Calculate the remainder when 98396 is divided by 49044.
308
Calculate the remainder when 298891 is divided by 8339.
7026
What is the remainder when 672327 is divided by 644?
635
Calculate the remainder when 27267 is divided by 1133.
75
Calculate the remainder when 328409 is divided by 1999.
573
What is the remainder when 5998058 is divided by 299898?
98
What is the remainder when 8681302 is divided by 2133?
2125
What is the remainder when 7405988 is divided by 230?
218
Calculate the remainder when 24975635 is divided by 32061.
116
What is the remainder when 24454726 is divided by 4497?
40
Calculate the remainder when 16562 is divided by 3114.
992
What is the remainder when 8469776 is divided by 456?
32
Calculate the remainder when 7524492 is divided by 242720.
172
What is the remainder when 94847 is divided by 47414?
19
What is the remainder when 599963 is divided by 110?
23
What is the remainder when 177624153 is divided by 767?
759
What is the remainder when 13824 is divided by 3862?
2238
What is the remainder when 46577749 is divided by 10?
9
Calculate the remainder when 137091179 is divided by 3765.
3764
What is the remainder when 4020051 is divided by 191431?
0
What is the remainder when 10711110 is divided by 823930?
20
What is the remainder when 33636408 is divided by 26?
0
What is the remainder when 11584492 is divided by 5792238?
16
Calculate the remainder when 4233698 is divided by 8095.
13
What is the remainder when 673609 is divided by 278?
15
Calculate the remainder when 26203134 is divided by 3.
0
Calculate the remainder when 113839505 is divided by 1138395.
5
What is the remainder when 38298803 is divided by 813?
812
What is the remainder when 296876 is divided by 610?
416
What is the remainder when 190347 is divided by 957?
861
What is the remainder when 92919 is divided by 5441?
422
Calculate the remainder when 17489834 is divided by 20698.
24
What is the remainder when 16537508 is divided by 11?
9
Calculate the remainder when 23961 is divided by 2656.
57
What is the remainder when 2933365 is divided by 1486?
1
What is the remainder when 360105 is divided by 1464?
1425
Calculate the remainder when 13131070 is divided by 2592.
2590
Calculate the remainder when 23179 is divided by 23128.
51
Calculate the remainder when 4563185 is divided by 13265.
25
What is the remainder when 128647424 is divided by 11975?
11974
What is the remainder when 113897 is divided by 136?
65
Calculate the remainder when 3573800 is divided by 33.
32
What is the remainder when 40856754 is divided by 19843?
17
Calculate the remainder when 701855 is divided by 18462.
299
What is the remainder when 5102896 is divided by 369?
364
Calculate the remainder when 568843 is divided by 71105.
3
What is the remainder when 97245271 is divided by 295?
291
Calculate the remainder when 207438 is divided by 395.
63
What is the remainder when 157804222 is divided by 1671?
1666
Calculate the remainder when 975905 is divided by 77.
7
Calculate the remainder when 10866195 is divided by 2716537.
47
What is the remainder when 170806 is divided by 56321?
1843
What is the remainder when 279352 is divided by 92900?
652
Calculate the remainder when 2150249 is divided by 109.
6
What is the remainder when 910241 is divided by 2363?
486
What is the remainder when 597500 is divided by 1319?
1312
What is the remainder when 39852 is divided by 107?
48
What is the remainder when 5687239 is divided by 9?
4
What is the remainder when 52895449 is divided by 1262?
1243
What is the remainder when 4569744 is divided by 8805?
8754
What is the remainder when 10140 is divided by 4886?
368
Calculate the remainder when 48591857 is divided by 3711.
23
What is the remainder when 55516571 is divided by 414?
413
Calculate the remainder when 189205623 is divided by 5564871.
9
Calculate the remainder when 689057 is divided by 689041.
16
What is the remainder when 175745283 is divided by 51?
48
What is the remainder when 7018349 is divided by 5333?
121
What is the remainder when 32066241 is divided by 253?
9
Calculate the remainder when 33624 is divided by 1336.
224
What is the remainder w